t the prime factors of a.
2
Let c be (-6)/(-2)*(1 + 0). Suppose -2*f + 1 = -3*a + c*f, -2*a = -4*f + 2. Let k = a + 17. List the prime factors of k.
2, 5
What are the prime factors of (-1051)/(-1)*(2 - 1)?
1051
Suppose 10*d - 5*d - 25 = 3*v, 5*d - 25 = 4*v. Suppose -5*u + 53 + 62 = v. List the prime factors of u.
23
List the prime factors of (-11)/209 - (-42599)/19.
2, 19, 59
Let f(c) = -c - 12. Let d be f(-9). What are the prime factors of (-1 - d/2)*44?
2, 11
Let k be -2 + 3 - 21/(-7). Suppose -2*n = -k*n - 4. What are the prime factors of n - (-2 - -1 - 5)?
2
Suppose 2*y + 990 = 2*h, -275 - 2212 = -5*h + 2*y. List the prime factors of h.
499
List the prime factors of -1762*(39/(-12) + 3)*2.
881
Suppose 6*y - 21*y + 34290 = 0. List the prime factors of y.
2, 3, 127
Let z be 6/45 + 16/(-120). Suppose -428 = -2*u - 2*m, 3*u - 2*u - 5*m - 238 = z. What are the prime factors of u?
2, 109
Suppose 1 = -4*a - 3*s, 0*a + 3*s = -3*a. Let b be a + 1 + (-160)/(-1). Suppose 3*x = -x + 2*l + b, -3*l = -12. What are the prime factors of x?
2, 3, 7
Let f(o) = o**3 + 12*o**2 + 5*o + 12. Let j be f(-14). Let p be (j/(-5))/((-2)/5). List the prime factors of ((-1)/(-3))/((-3)/p).
5
Suppose 175*g - 190*g = -4155. List the prime factors of g.
277
Let t = 296 - 261. What are the prime factors of t?
5, 7
Let m be 0/(0 - -1 - 0). Suppose m = 9*h - 21 - 717. List the prime factors of h.
2, 41
Suppose -5*z = m - 55, 3*z = 6*z. Let y = -16 + m. List the prime factors of y.
3, 13
Let g(p) = -28*p - 226. What are the prime factors of g(-29)?
2, 293
Suppose -i + 6 = 4*i - 2*o, -i - 3*o = -8. Let b = 37 + i. Suppose 5*r - 210 = 2*m, 0 = -5*r - m - b + 249. List the prime factors of r.
2, 3, 7
Let a(z) = 4*z**2 + 81*z + 51. What are the prime factors of a(-24)?
3, 137
Let a = 689 + 8. List the prime factors of a.
17, 41
Let o(g) be the second derivative of -95*g**3/6 + g**2/2 - g. Let s be o(-1). Suppose f + 6*d - 3*d - 24 = 0, 4*f = 4*d + s. List the prime factors of f.
2, 3
Suppose 4*o - 4*s - 3533 + 233 = 0, -3*o + 5*s + 2479 = 0. List the prime factors of o.
823
Let i = -2 + 43. Let m = 75 - i. What are the prime factors of m?
2, 17
Let p(l) = 50*l + 113. List the prime factors of p(5).
3, 11
Let i(o) = 3*o + 1. Let p(w) = -7*w**2 + 2*w - 1. Let b be p(1). Let x be i(b). Let q = 27 + x. What are the prime factors of q?
2, 5
Let a be (-3 - 1)*1/2. Let f be a/(-11) - 1680/44. List the prime factors of (f + -1)/((-3)/3).
3, 13
Let i = 85 - -12. Suppose 0 = -t + 28 + i. List the prime factors of t.
5
Let a(t) = 2*t**2 - 7*t - 16. Suppose -5*z = 9 - 44. List the prime factors of a(z).
3, 11
Let l = 1294 + -649. What are the prime factors of l?
3, 5, 43
Suppose u + 5*l = 5*u - 25, -3*u + 20 = -5*l. Suppose 1039 = 2*d + 2*d - 5*m, -5*d + 1265 = u*m. List the prime factors of d.
2
Let a = 27 - 44. Let w = a - -19. Suppose 0 = w*x - 7*x + 295. List the prime factors of x.
59
Let l(x) = 85*x - 14. List the prime factors of l(6).
2, 31
Let h(v) be the second derivative of -v**3/3 + 2*v**2 + 6*v. List the prime factors of h(-2).
2
Let o = -355 - -783. What are the prime factors of o?
2, 107
Let k(d) = 16*d - 16. Let w be k(11). Suppose -6*t + 3*t = 2*x - w, -4*x - 3*t + 308 = 0. What are the prime factors of x?
2, 37
List the prime factors of (23/3)/(2*4/456).
19, 23
Let b(s) = -s**2 - 2*s. Let d be b(-2). Let h(k) = k + 91. List the prime factors of h(d).
7, 13
Let g(t) = -t**3 + 12*t**2 - 11*t + 2. Let z be g(11). Let s(w) = z*w**2 - 6*w + 7 + 7*w - 9*w + 0. List the prime factors of s(6).
31
Suppose 100*y = 108*y - 4248. What are the prime factors of y?
3, 59
Let a(n) = -83*n + 71. List the prime factors of a(-5).
2, 3
Let c(w) = 15*w - 81. Let v(b) = 5*b - 27. Let r(k) = 3*c(k) - 8*v(k). Let u be (8/(-4) - -13)/1. What are the prime factors of r(u)?
2, 7
Let l be 2/13 + 3 + 250/65. Suppose 0 = -a - 3*s - 2 + l, 0 = -5*a - 5*s + 45. What are the prime factors of a?
11
Suppose -14*s = -0*s - 4466. What are the prime factors of s?
11, 29
Suppose -2*y + 3*h + 988 = 180, 1636 = 4*y - h. What are the prime factors of y?
2, 5, 41
Suppose -3*a = 9, -320 - 160 = -3*c - 3*a. List the prime factors of c + (-4)/((-16)/(-12)).
2, 5
Suppose 5*u = 2*z + 15, -u = -0*z - 4*z + 15. Suppose -50*a = -53*a + 123. Suppose c + a - 104 = p, 0 = c + u*p - 69. List the prime factors of c.
2
Let b(w) = -4*w - 3. Let l(h) = 2*h + 2. Let g(j) = -6*b(j) - 11*l(j). Let c be g(3). Suppose -k - 63 + 8 = -c*p, -2*p = 3*k - 59. List the prime factors of p.
2, 7
Let n(w) = -36*w + 3. Let x = 52 - 55. What are the prime factors of n(x)?
3, 37
Let u(c) = -c**2 - 2*c + 10. Let d be u(7). Let b = d + 73. List the prime factors of b.
2, 5
Suppose -2*n + 1504 = 3*w - 5*w, 5*w = -3*n + 2224. Suppose 5*v - 217 = n. List the prime factors of v.
193
Let z = 270 - 30. Suppose 10*f + z = 12*f. List the prime factors of f.
2, 3, 5
Let b = -106 + 108. Suppose -53 = -5*n + 3*y + 51, n = -b*y + 26. What are the prime factors of n?
2, 11
Let q = -481 - -1109. What are the prime factors of q?
2, 157
Suppose 3 = -2*n - 1, -4*n = 3*x - 121. List the prime factors of x.
43
Let b(x) = -x**2 + 6*x + 18. Let g be b(9). List the prime factors of g*((-55)/15)/1.
3, 11
Let s(h) = 2*h**2 + 6. Let f(x) = -2*x + 5. Let t be f(6). Let r be s(t). Suppose 4*l = 2 - 6, r = 3*g + l. List the prime factors of g.
5, 7
List the prime factors of (-8)/(-8) + -5 - -1487.
1483
Suppose 12 = 3*h, h - 1524 - 1730 = -u. What are the prime factors of u?
2, 5, 13
Suppose 18*f - 65858 - 13630 = 0. List the prime factors of f.
2, 3, 23
Suppose -4*w = w + 4*i - 155, -w + i = -40. Suppose 0 = n + s - w, -s - 10 = -3*s. What are the prime factors of n?
2, 3, 5
List the prime factors of 4682/6*((-7 - -17) + -7).
2341
Let f = 628 + -427. List the prime factors of f.
3, 67
Let d(c) be the first derivative of -3/4*c**4 + 4/3*c**3 + 5 + 0*c + 3/2*c**2. List the prime factors of d(-2).
2, 17
Let r(y) = 80*y**2 - y. Suppose 0*k = k + 1. List the prime factors of r(k).
3
Suppose -2*b = 2*l - 17 - 5, 0 = -5*b - 15. Suppose -l = -5*j - y + 134, 0 = -3*j - y + 88. What are the prime factors of j?
2, 3, 5
Let r be 2/4*(-180)/(-15). Suppose -3*h = -r*h + 45. List the prime factors of h.
3, 5
Let s(f) = -f**3 - 3*f**2 + 6*f + 2. Let o be s(-4). What are the prime factors of (-243)/o + 2/4?
41
Suppose -550 = -4*y + 5*r, y - 114 = 2*r + 22. What are the prime factors of y?
2, 5, 7
Let p(a) = -a**3 + a**2 + 4*a + 1. Let r be p(-3). Suppose 1 = -6*m + r. Suppose 7 = f + 5*l - 6, -4*l + m = 0. What are the prime factors of f?
2
Suppose 5*y - 2*y = 4*v + 8, 3*v = -4*y + 19. Suppose 0 = y*c - 5*c + 1. List the prime factors of (5/(-1))/(c/(-8)).
2, 5
List the prime factors of ((-12275)/14 + 30/105)*-2.
1753
Suppose 8241 = 2*c + 16*h - 11*h, -h - 20589 = -5*c. What are the prime factors of c?
2, 29, 71
Let c(d) = 99*d**2 - 3*d + 5. List the prime factors of c(-2).
11, 37
Suppose m + m = 44. Let g(i) = 5*i**2 - i + 6. Let b be g(2). Suppose y - 5*y = n - m, -2*y - b = -3*n. What are the prime factors of n?
2, 5
Let w = -13 + -53. Let b = -12 - w. Suppose -4*s + b = 10. What are the prime factors of s?
11
Let z be ((-16)/(-6))/(4/(-6)). Let y be 1/((-4)/(-84)) - z. What are the prime factors of (y - 1) + 1 + -1?
2, 3
Let u be 2*1 - (-1 + (-6)/6). Let m(h) = -45*h + 3. Let w be m(-5). Suppose u*o - w = o. List the prime factors of o.
2, 19
Suppose 0 = 5*f + l - 525, -2*f + 22 = -l - 195. What are the prime factors of f?
2, 53
Let r = 980 - -62. What are the prime factors of r?
2, 521
Let u(i) = i**2 - 2. Let b be u(-2). Suppose -3*y - a = -b*y + 8, 5*y + 2*a = -49. Let o = 20 - y. What are the prime factors of o?
31
Suppose 0 = -2*j - 3*w - 3, -4*j - 4 = 2*w + 2*w. Suppose 4*d = -5*y + 606, d + 4*y - 146 = -j*d. List the prime factors of d.
2, 7, 11
Suppose 0 = 2*s + c - 8, 5*s - 22 - 9 = 3*c. Suppose 0 = -v + 3*j + 3, 5*v - s*j = 3*v + 5. Suppose v = -3*a + 21 + 63. What are the prime factors of a?
2, 7
Suppose -3*d + 18 = -3*c, -13 = -4*d - 3*c - 3. Let v be 2 + 1 - (6 - d). What are the prime factors of 3/3 + 20/v?
3, 7
Suppose -4*a + 249 = d, a = -5*d - 0*a + 1226. What are the prime factors of d?
5, 7
Let c = -501 + 1421. What are the prime factors of c?
2, 5, 23
Let d(u) = u +